e 4) to base 2
-1001000001111001
What is 302244 (base 5) in base 4?
2113203
102002021 (base 3) to base 12
4814
Convert -103232131 (base 4) to base 2.
-10011101110011101
What is 1011010010010 (base 2) in base 13?
2826
Convert -2254 (base 10) to base 2.
-100011001110
Convert -343151 (base 6) to base 2.
-111001000101011
Convert -102211 (base 6) to base 11.
-6254
103023 (base 4) to base 14
639
353 (base 10) to base 14
1b3
What is 22011 (base 3) in base 14?
11a
3561 (base 8) to base 4
131301
448 (base 12) to base 2
1001111000
-1101200 (base 3) to base 4
-33321
What is 113 (base 11) in base 2?
10000111
Convert -154 (base 14) to base 2.
-100001110
What is 71375 (base 9) in base 11?
32318
-1212111211 (base 3) to base 11
-25736
What is -12a9 (base 11) in base 14?
-88c
What is 4224 (base 7) in base 6?
10520
Convert -18987 (base 10) to base 12.
-aba3
What is 1a0 (base 15) in base 8?
567
Convert 247c (base 13) to base 14.
1c57
-1201200 (base 4) to base 3
-22120010
-775 (base 14) to base 11
-1121
-837 (base 11) to base 13
-5c7
Convert -19a (base 14) to base 15.
-172
What is -299 (base 14) in base 12?
-37b
5550 (base 6) to base 3
1202210
What is 266 (base 10) in base 5?
2031
Convert -12780 (base 9) to base 8.
-20722
What is 6039 (base 13) in base 16?
33ae
Convert -12462 (base 8) to base 2.
-1010100110010
-48184 (base 9) to base 13
-11896
What is 6505 (base 8) in base 2?
110101000101
-2248 (base 12) to base 7
-14036
Convert -7634 (base 11) to base 8.
-23540
-35514 (base 6) to base 11
-396a
9662 (base 10) to base 2
10010110111110
What is 3916 (base 14) in base 5?
310031
-3216 (base 7) to base 4
-101310
Convert -51248 (base 9) to base 12.
-17638
Convert 3211431 (base 5) to base 8.
151347
1725 (base 9) to base 2
10100100111
Convert 202 (base 10) to base 15.
d7
Convert -2000351 (base 6) to base 11.
-64236
-3102 (base 6) to base 4
-22232
-13315 (base 7) to base 11
-2773
49a (base 15) to base 11
870
What is 1b8 (base 16) in base 4?
12320
Convert 645 (base 13) to base 14.
567
What is -3703 (base 8) in base 5?
-30422
Convert 777 (base 15) to base 9.
2274
What is 12131 (base 6) in base 4?
123313
Convert -110123 (base 4) to base 6.
-10015
-144133 (base 5) to base 9
-8413
What is 72510 (base 9) in base 8?
135267
What is 2503 (base 10) in base 5?
40003
-1101001100110 (base 2) to base 10
-6758
Convert -8d (base 15) to base 7.
-250
What is 40c5 (base 13) in base 11?
67a6
What is 122011 (base 3) in base 13?
298
What is -103302 (base 4) in base 6?
-5510
114134 (base 5) to base 3
12220001
-4211 (base 6) to base 16
-3af
What is 273 (base 9) in base 4?
3210
Convert 1227 (base 13) to base 15.
b63
What is -e6 (base 15) in base 10?
-216
What is -1569 (base 13) in base 16?
-c39
Convert -1010011001110 (base 2) to base 4.
-1103032
Convert -2499 (base 10) to base 14.
-ca7
-d57 (base 16) to base 7
-12646
What is bb22 (base 13) in base 12?
130b2
Convert 30302 (base 4) to base 16.
332
-100110011101 (base 2) to base 15
-ae1
What is -3531 (base 9) in base 4?
-220330
200503 (base 6) to base 2
11110101110111
Convert -10211021 (base 3) to base 11.
-2105
Convert 1103 (base 6) to base 10.
255
27a (base 16) to base 14
334
-71377 (base 10) to base 15
-16237
Convert -1141 (base 5) to base 3.
-20100
Convert 324200 (base 5) to base 10.
11175
What is -1584 (base 12) in base 16?
-9f4
Convert -4659 (base 12) to base 5.
-222340
23042 (base 6) to base 5
101031
Convert -1912 (base 13) to base 6.
-25141
211112 (base 3) to base 7
1526
Convert 116a (base 13) to base 11.
1931
-2471 (base 15) to base 9
-11567
Convert -1335 (base 11) to base 16.
-6c4
1218 (base 16) to base 15
158c
What is -67838 (base 10) in base 6?
-1242022
What is 101001111001 (base 2) in base 7?
10550
Convert -7a7 (base 16) to base 2.
-11110100111
What is 1611 (base 7) in base 9?
786
304a (base 14) to base 13
3a14
What is 1021110 (base 3) in base 15?
420
36817 (base 10) to base 7
212224
21281 (base 12) to base 3
2012210021
Convert 13117 (base 8) to base 13.
27a4
What is -2011200 (base 3) in base 2?
-11000110000
What is -5700 (base 9) in base 8?
-10164
Convert -3120 (base 4) to base 7.
-426
What is -16c (base 13) in base 7?
-520
Convert 4881 (base 12) to base 3.
102012021
-11101112 (base 3) to base 13
-15c2
Convert 1100 (base 2) to base 11.
11
Convert 3a1 (base 15) to base 13.
4b7
What is 122341 (base 6) in base 10?
10933
What is 20010 (base 4) in base 5?
4031
Convert 155 (base 16) to base 4.
11111
Convert 6601 (base 10) to base 14.
2597
Convert 23556 (base 11) to base 8.
102225
540 (base 10) to base 13
327
Convert 1402343 (base 5) to base 7.
146004
-3a7 (base 14) to base 3
-1000020
162 (base 13) to base 16
f9
1518 (base 10) to base 3
2002020
What is 1221 (base 5) in base 11?
15a
Convert -2b88 (base 13) to base 10.
-6365
-4504 (base 6) to base 2
-10000011000
Convert 321 (base 5) to base 6.
222
What is 4717 (base 13) in base 12?
5947
4008 (base 9) to base 6
21312
What is -1221301 (base 4) in base 3?
-100021201
What is -2305 (base 16) in base 14?
-33a5
-1ba63 (base 12) to base 6
-515003
Convert 21036 (base 11) to base 10.
30652
Convert -12256 (base 9) to base 15.
-268c
Convert -7 (base 12) to base 6.
-11
-83409 (base 10) to base 7
-465114
What is 1442130 (base 5) in base 2?
111100011000011
What is -3a8 (base 11) in base 3?
-122211
15152 (base 6) to base 10
2444
What is 25e6 (base 15) in base 10?
8091
Convert -403 (base 12) to base 10.
-579
1427 (base 15) to base 7
15400
1f9 (base 16) to base 10
505
Convert 111111 (base 2) to base 4.
333
What is -343 (base 6) in base 15?
-90
What is -796 (base 13) in base 8?
-2432
-987 (base 11) to base 16
-4a0
What is -24413 (base 5) in base 4?
-131002
What is -61f (base 16) in base 9?
-2131
Convert -3b9a (base 16) to base 14.
-57bc
Convert -136 (base 12) to base 13.
-114
-3c60 (base 16) to base 5
-443311
Convert -1311223 (base 4) to base 7.
-30646
Convert -409 (base 16) to base 2.
-10000001001
Convert -2100202 (base 3) to base 6.
-11545
Convert 4848 (base 9) to base 6.
24412
12223 (base 7) to base 9
4347
Convert 2421 (base 7) to base 8.
1601
Convert -100100 (base 3) to base 12.
-190
Convert -11110100010110 (base 2) to base 7.
-63410
What is 101 (base 8) in base 10?
65
-346 (base 15) to base 6
-3233
144213 (base 5) to base 3
22111000
Convert 21331 (base 6) to base 4.
231313
What is -111000110100 (base 2) in base 10?
-3636
-cc2 (base 16) to base 4
-303002
-21435 (base 11) to base 13
-11230
What is 1011111100 (base 2) in base 7?
2141
What is 2195 (base 11) in base 6?
21211
What is -1343234 (base 5) in base 16?
-6d28
What is -110110110000000 (base 2) in base 11?
-1a074
What is -684 (base 16) in base 12?
-b70
657 (base 9) to base 8
1032
What is 7153 (base 9) in base 13?
24c6
Convert -6d2 (base 14) to base 15.
-60a
-101c (base 13) to base 6
-14142
-100000001000 (base 2) to base 9
-2734
Convert -4453 (base 6) to base 14.
-545
Convert -20011100 (base 3) to base 16.
-118b
4b1 (base 12) to base 15
324
What is -15364 (base 8) in base 12?
-3bb0
-110011010 (base 2) to base 4
-12122
Convert 3324 (base 14) to base 10.
8852
10102 (base 3) to base 7
161
-3053 (base 6) to base 14
-369
184 (base 12) to base 10
244
What is 411 (base 6) in base 7?
304
757 (base 16) to base 11
1459
Convert -65 (base 9) to base 2.
-111011
What is -b0b (base 12) in base 6?
-11215
What is a168 (base 12) in base 13?
7c76
Convert -347 (base 16) to base 7.
-2306
Convert 5048 (base 9) to base 4.
321221
-307 (base 16) to base 12
-547
What is 1001 (base 8) in base 16?
201
-2325 (base 9) to base 2
-11010111100
-11853 (base 12) to base 8
-56177
Convert 301 (base 16) to base 12.
541
What is -110101111 (base 2) in base 8?
-657
Convert 2032211 (base 4) to base 12.
5345
d2d (base 15) to base 7
11440
Convert 12053 (base 6) to base 3.
2102020
Convert -808 (base 13) to base 12.
-954
What is 7a9d (base 14) in base 10?
21307
Convert 122414 (base 5) to base 11.
3614
-12a (base 14) to base 6
-1030
Convert 9820 (base 10) to base 9.
14421
Convert -31be (base 15) to base 6.
-120425
What is 25231 (base 6) in base 7?
13654
222010 (base 3) to base 6
3133
Convert -110210203 (base 4) to base 15.
-19e74
Convert 1222 (base 15) to base 6.
25505
Convert 622 (base 9) to base 16.
1fa
-32002 (base 6) to base 14
-180a
Convert -11293 (base 10) to base 7.
-44632
What is -5453 (base